 when 155 is divided by v?
25
Let a = -3 - -2. What is the remainder when ((-8)/10)/(4/(-100)) is divided by (a + 4)*(-14)/(-6)?
6
Suppose -24 - 6 = -3*q + 3*o, -5*o = 4*q - 85. Let u = 20 - q. What is the remainder when 7 is divided by u?
2
What is the remainder when 151 is divided by -124*(-3 + -7)/20?
27
Let z = -514 - -1995. What is the remainder when z is divided by 28?
25
Suppose 3*x + 20 - 7 = 4*n, -3*x - 12 = -3*n. Let j(a) = 3*a - 90. Calculate the remainder when (-3 + -1)*(x - 1) is divided by j(32).
4
Suppose 5*j + p = 6*p + 320, 5*j - 2*p - 323 = 0. What is the remainder when 179 is divided by j?
49
Let y(d) = 12*d**2 + 1. What is the remainder when (-52)/130 - ((-87)/5 + -1) is divided by y(-1)?
5
Let p(u) = 2*u**2 + 2*u - 2. Let f be p(3). Suppose -g - 46 = -3*c, 0 = -0*c - c - g + f. Calculate the remainder when c is divided by 11.
6
Suppose -3*h = -2*y - 17, -2*h + 6 = 2*y - 2. Suppose h*n + 15 = 2*n, 2*c - 5*n = 83. Let d = -20 + c. What is the remainder when 24 is divided by d?
6
Suppose -8*y + 422 = 1654. Let c = y + 216. What is the remainder when c is divided by 16?
14
What is the remainder when 4808/72 + (-2)/(-9) is divided by (2 + -1)*5*7?
32
Suppose 7 = -4*n + 3*l, 5*n + 0*l = l + 5. Suppose 0 = -4*i - n*r - 12, 14 = -2*i + i + 5*r. Calculate the remainder when 4 is divided by -4*1*2/i.
0
Let y(v) = -4*v**3 - 5*v**2 - 4*v + 9. Let b be y(4). Let f = -186 - b. Let c = 236 - f. What is the remainder when c is divided by 27?
25
Let l be (-1)/(3/9) + (8 - 2). Suppose 4*r - 83 = -f, -5*f - 3 = -l*r + 4*r. What is the remainder when 63 is divided by r?
19
What is the remainder when 526/4 - 1/((-6)/(-15)) is divided by 13?
12
Let a = -4 - -2. Suppose 3*x - 4*g - 6 = 0, 0 = 3*x + 5*g - 40 + 7. Calculate the remainder when (-5 - a - -1) + 17 is divided by x.
3
Suppose y = -2*x + 33, 16*y - 59 = 14*y + 3*x. Suppose 0*s + s = 14. Let k = 23 - s. Calculate the remainder when y is divided by k.
4
Suppose 2*j + 4 + 6 = 0. Let h(v) = 2*v**2 - 4*v - 1. Calculate the remainder when h(j) is divided by 36.
33
Suppose -r + 32 = -2. Let z = 82 - 66. Let f = 82 - z. What is the remainder when f is divided by r?
32
Suppose 5283 = 6*b + 4827. What is the remainder when b is divided by 2 - -4*(8 - 2)?
24
Let t be 1/1 + 0/7. What is the remainder when ((-33)/(-12)*-1)/(t/(-8)) is divided by 13?
9
Suppose -3140 = 265*w - 275*w. Calculate the remainder when w is divided by 9.
8
Let r be (3/(-9))/(2/(-228)). Calculate the remainder when 98 is divided by (-16 + r)*(-1)/(-2).
10
Let g(f) = -f**3 + 13*f**2 + 7*f + 15. What is the remainder when g(11) is divided by 42?
40
Suppose 0 = 2*s + 4*i, -5*s + 2*i + i = -13. Suppose -s*n = -4*n + 82. Let g(p) = p**2 - 2*p + 6. Calculate the remainder when n is divided by g(5).
20
Suppose -2*h = -10*h + 352. What is the remainder when 173 is divided by h?
41
Suppose 0 = 5*b - 2*p - 44 - 16, 4*p = -4*b + 20. What is the remainder when 4*11 - (-224)/(-32) is divided by b?
7
Let k = 5 - -26. What is the remainder when 184 is divided by k?
29
Let a be ((-608)/(-4))/(-2)*6/(-8). Let v = a - 33. Suppose 4*u - 140 = 2*u. What is the remainder when u is divided by v?
22
Let m(l) = 7*l - 3. Let u be (-8)/(-2) - (-1 - -2). Let d be m(u). Suppose 0 = 4*k + 2*v - d, -3*v + 4 = 7. What is the remainder when 14 is divided by k?
4
Let f(t) = 24*t**2 - 6*t + 11. Let r be 12/2 + (12 - 16). Calculate the remainder when f(r) is divided by 16.
15
Suppose 3*y - 3*i - 3 = 0, 4*y = 3*i + 2 + 1. Suppose y*s = s - 30. Suppose -12 = 3*k - s. Calculate the remainder when 17 is divided by k.
5
Suppose 15*l = -56 + 536. What is the remainder when 121 is divided by l?
25
Calculate the remainder when 133 is divided by 23 + (1 - -4)*(-96)/240.
7
Let a(b) = -366*b + 92. Calculate the remainder when a(-1) is divided by 152.
2
Let s(m) = 2*m**2 + 0*m**2 - m**3 - m + 2*m + 2*m**3 + 2. Let q be s(-2). Let y = q - -3. Calculate the remainder when 5 is divided by y.
2
Let w(l) = -13*l + 82. What is the remainder when w(-29) is divided by 94?
83
Let z(t) = 59*t + 61. What is the remainder when z(-1) is divided by 2?
0
Let t = -1 - 3. Let p(k) = 4*k**2 - 2*k - 5. Suppose -5*w - 28 = -5*b + 82, 4*b + w - 63 = 0. Calculate the remainder when p(t) is divided by b.
16
Calculate the remainder when 8/(9 - 11) - (-1 - 154) is divided by 31.
27
Let n(y) = -y**2 - 6*y - 3. Let g be n(-5). Let s(q) = g + 1 + q + 7. What is the remainder when s(-6) is divided by 3?
1
Let t = 21 + -6. Let o = 670 + -583. What is the remainder when o is divided by t?
12
Let d(m) = -m**3 - 27*m**2 + 56*m + 16. What is the remainder when 369 is divided by d(-29)?
73
Suppose 20*i - 15*i = 5*s - 165, s + 3*i - 41 = 0. What is the remainder when 49 is divided by s?
14
Let r = -436 - -440. Calculate the remainder when (-6 + 2)*(-14)/8 is divided by r.
3
Suppose -42*u = -13*u - 13833. Calculate the remainder when u is divided by 69.
63
Suppose -h = h + 4. Calculate the remainder when 70 is divided by (1 - -1)*(h - -8).
10
Calculate the remainder when 68 is divided by ((-90)/(-4))/15*62/3.
6
Suppose -24 = 3*g - 3. Let q(m) = m**2 + 6*m + 8. What is the remainder when 42 is divided by q(g)?
12
Suppose -2*s - s + 15 = 0. Let i(f) = 7*f - 7. Let z be i(5). Suppose -2*x - 4*p = -z, 2*p = -x - x + 26. Calculate the remainder when x is divided by s.
2
Suppose -3*a + k = -42, 5*a - 70 = -0*a - 2*k. What is the remainder when a is divided by 5?
4
Calculate the remainder when 148 is divided by 1296/26 - -10*(-12)/(-780).
48
Let q be ((-52)/(-3))/(75/(-27) - -3). Let x = -52 + q. Calculate the remainder when x is divided by 17.
9
Let y(j) = -3 - 4*j + j - 1 - j. Let v be y(-3). Let c(d) = d**2 - 7*d + 1. Calculate the remainder when c(v) is divided by 2.
1
Suppose 4*n - s - 1840 = 320, -n = 2*s - 531. Calculate the remainder when n is divided by 60.
59
Let y = 546 + -544. Calculate the remainder when y is divided by 1.
0
Let d(j) = -j**3 - 27*j**2 + 90*j + 42. Calculate the remainder when d(-30) is divided by -6*((-18)/4 + 2).
12
Suppose 7 = 4*o - 5*o + 2*x, -5*o - 5*x + 10 = 0. Calculate the remainder when ((-25)/5 + -5)*o/2 is divided by 5.
0
Suppose -1232 = -3*a - 13*a. Calculate the remainder when a is divided by 21.
14
Let j = 117 - 103. Let n(f) = -f**3 - f - 3. Suppose 3*t + 9 = -5*k, 0 = 2*t - t - k + 3. What is the remainder when n(t) is divided by j?
13
Let k(o) = 3*o**2 + 9*o + 12. Let b be k(-5). What is the remainder when 25 is divided by (8/12)/(2/b)?
11
Suppose 0 = -4*t - 73 - 331. Let l = t + 117. What is the remainder when l is divided by 9?
7
Suppose 140 - 175 = -5*s. Suppose 4*o = s*o - 699. Calculate the remainder when o is divided by 47.
45
Suppose y - 55 = -2*h, -33 = -h + y + 2. Calculate the remainder when h is divided by 16.
14
Suppose -4*h - 95 = 5*d, -7*h + 5*d - 85 = -2*h. Let x = h + 28. What is the remainder when 26/(-4)*2*-1 is divided by x?
5
Let x(b) = b - 5. Let v be x(9). Suppose -v*y = 3*y - 63. What is the remainder when y is divided by 5?
4
Let u be 22/4 + 20/(-8). Suppose 2*m - 4*s + 64 = 0, -u*m - m = 3*s + 128. Let n = m + 43. Calculate the remainder when n is divided by 7.
4
Let r = 31 - -9. Suppose -175 = -2*b - 5*k, 0 = 3*b + 4*k - 107 - 159. Let q = b - 69. What is the remainder when r is divided by q?
19
Suppose l + 82 = -3*g + 190, 2*l - 3*g - 225 = 0. What is the remainder when 320 is divided by l?
98
Let o = 314 - 279. What is the remainder when 55 is divided by o?
20
Let s = 4384 + -2645. Calculate the remainder when s is divided by 30.
29
Let s(i) = -2*i**3 + 144*i**2 - 146*i + 311. Calculate the remainder when 653/5 - 2/(-5) is divided by s(71).
23
Let g(x) = -2*x**3 - 7*x**2 - 3*x + 1. Let o be g(-3). Let m = o + 76. Calculate the remainder when m is divided by 16.
13
Suppose 9*b - 5*b = -12, -3*h - 3*b = -21. Suppose -2*k = -8 - h. Suppose m = -3*v + 37, -2*v - 5*m + k = -7. Calculate the remainder when 24 is divided by v.
11
Suppose 80 - 70 = p. What is the remainder when 11 is divided by p?
1
Let c(h) = 1 + h - 2*h**3 - h**2 - 19*h**3 + 0*h - h**3. Suppose -5 = 4*a - 1. Calculate the remainder when c(a) is divided by 6.
3
Let b(p) = -p**2 + 11*p - 18. What is the remainder when 127 is divided by b(7)?
7
Let u be 2 - (4 - 3 - 9). Suppose 0